{"id":344,"date":"2012-08-22T22:17:46","date_gmt":"2012-08-22T21:17:46","guid":{"rendered":"https:\/\/www.ungstein21.de\/?page_id=344"},"modified":"2019-03-03T17:06:34","modified_gmt":"2019-03-03T16:06:34","slug":"unsere-aktivitaten","status":"publish","type":"page","link":"https:\/\/www.ungstein21.de\/?page_id=344","title":{"rendered":"Unsere Aktivit\u00e4ten"},"content":{"rendered":"<p><span style=\"font-size: x-large;\">Was in den\u00a0letzten Jahren geschah &#8230;<\/span><\/p>\n<table style=\"width: 584px;\" width=\"735\">\n<tbody>\n<tr>\n<td style=\"width: 132px;\" width=\"83\">27.02.2019<\/td>\n<td style=\"width: 452px;\" width=\"304\">Mitgliederversammlung<\/td>\n<\/tr>\n<tr>\n<td style=\"width: 132px;\">22.01.2019<\/td>\n<td style=\"width: 452px;\">Treffen des forums zukunft an der weinstra\u00dfe<\/td>\n<\/tr>\n<tr>\n<td style=\"width: 132px;\">01.12.2018<\/td>\n<td style=\"width: 452px;\">Weihnachtsmarkt Ungstein mit Stand von U21<\/td>\n<\/tr>\n<tr>\n<td style=\"width: 132px;\">20.11.2018<\/td>\n<td style=\"width: 452px;\">Treffen mit LBM Speyer<\/td>\n<\/tr>\n<tr>\n<td style=\"width: 132px;\">07.11.2018<\/td>\n<td style=\"width: 452px;\">Teilnahme an der Er\u00f6ffnung B271Neu Kirchheim<\/td>\n<\/tr>\n<tr>\n<td style=\"width: 132px;\">06.11.2018<\/td>\n<td style=\"width: 452px;\">Informationsveranstaltung Landkreis<\/td>\n<\/tr>\n<tr>\n<td style=\"width: 132px;\">10.10.2018<\/td>\n<td style=\"width: 452px;\">Treffen des forums zukunft an der weinstra\u00dfe<\/td>\n<\/tr>\n<tr>\n<td style=\"width: 132px;\">20.06.2018<\/td>\n<td style=\"width: 452px;\">Treffen des forums zukunft an der weinstra\u00dfe<\/td>\n<\/tr>\n<tr>\n<td style=\"width: 132px;\" width=\"148\">18.04.2018<\/td>\n<td style=\"width: 452px;\" width=\"587\">Treffen des forums zukunft an der weinstra\u00dfe<\/td>\n<\/tr>\n<tr>\n<td style=\"width: 132px;\">13.04.2018<\/td>\n<td style=\"width: 452px;\">Begehung NSG Felsenberg-Berntal<\/td>\n<\/tr>\n<tr>\n<td style=\"width: 132px;\">31.03.2018<\/td>\n<td style=\"width: 452px;\">Ostereiersuche auf der R\u00f6merkelter<\/td>\n<\/tr>\n<tr>\n<td style=\"width: 132px;\">29.03.2018<\/td>\n<td style=\"width: 452px;\">Mitgliederversammlung<\/td>\n<\/tr>\n<tr>\n<td style=\"width: 132px;\">10.03.2018<\/td>\n<td style=\"width: 452px;\">Aktionstag: Der Dreck muss weg<\/td>\n<\/tr>\n<tr>\n<td style=\"width: 132px;\">09.12.2017<\/td>\n<td style=\"width: 452px;\">Weihnachtsmarkt Ungstein mit Stand von U21<\/td>\n<\/tr>\n<tr>\n<td style=\"width: 132px;\">26.10.2017<\/td>\n<td style=\"width: 452px;\">Treffen des forums zukunft an der weinstra\u00dfe<\/td>\n<\/tr>\n<tr>\n<td style=\"width: 132px;\">24.08.2017<\/td>\n<td style=\"width: 452px;\">Treffen des forums zukunft an der weinstra\u00dfe<\/td>\n<\/tr>\n<tr>\n<td style=\"width: 132px;\">22.06.2017<\/td>\n<td style=\"width: 452px;\">Treffen des forums zukunft an der weinstra\u00dfe<\/td>\n<\/tr>\n<tr>\n<td style=\"width: 132px;\">05.05.2017<\/td>\n<td style=\"width: 452px;\">Podiumsdiskussion Autohaus K\u00f6hler<\/td>\n<\/tr>\n<tr>\n<td style=\"width: 132px;\">23.04.2017<\/td>\n<td style=\"width: 452px;\">Mitgliederversammlung und Mitgliedsfest auf der R\u00f6merkelter<\/td>\n<\/tr>\n<tr>\n<td style=\"width: 132px;\">24.01.2017<\/td>\n<td style=\"width: 452px;\">Besuch beim Verkehrsministerium in Mainz mit zahlreichen Vertretern aus der Region<\/td>\n<\/tr>\n<tr>\n<td style=\"width: 132px;\">19.01.2017<\/td>\n<td style=\"width: 452px;\">Treffen des forums zukunft an der weinstra\u00dfe<\/td>\n<\/tr>\n<tr>\n<td style=\"width: 132px;\">26.10.2016<\/td>\n<td style=\"width: 452px;\">Treffen des forums zukunft an der weinstra\u00dfe, Einladung Hr. MdB Herzog<\/td>\n<\/tr>\n<tr>\n<td style=\"width: 132px;\">25.08.2016<\/td>\n<td style=\"width: 452px;\">Treffen des forums zukunft an der weinstra\u00dfe, Einladung Hr. MdB Steiniger<\/td>\n<\/tr>\n<tr>\n<td style=\"width: 132px;\">04.08.2016<\/td>\n<td style=\"width: 452px;\">Treffen des forums zukunft an der weinstra\u00dfe, Einladung Hr. VB Oberholz<\/td>\n<\/tr>\n<tr>\n<td style=\"width: 132px;\">21.07.2016<\/td>\n<td style=\"width: 452px;\">Treffen mit B\u00fcrgermeister Hr. Glogger und Beigeordnetem Hr. Ester<\/td>\n<\/tr>\n<tr>\n<td style=\"width: 132px;\">02.06.2016<\/td>\n<td style=\"width: 452px;\">Treffen des forums zukunft an der weinstra\u00dfe<\/td>\n<\/tr>\n<tr>\n<td style=\"width: 132px;\">01.06.2016<\/td>\n<td style=\"width: 452px;\">Verteilung von 20000 Info-Flyer zum aktuellen Sachstand B271neu<\/td>\n<\/tr>\n<tr>\n<td style=\"width: 132px;\">07.04.2016<\/td>\n<td style=\"width: 452px;\">Treffen des forums zukunft an der weinstra\u00dfe<\/td>\n<\/tr>\n<tr>\n<td style=\"width: 132px;\">30.03.2016<\/td>\n<td style=\"width: 452px;\">Pr\u00e4sentation LBM zum aktuellen Stand B271Neu und Querverkehr<\/td>\n<\/tr>\n<tr>\n<td style=\"width: 132px;\">03.03.2016<\/td>\n<td style=\"width: 452px;\">Mitgliederversammlung<\/td>\n<\/tr>\n<tr>\n<td style=\"width: 132px;\">28.01.2016<\/td>\n<td style=\"width: 452px;\">Treffen des forums zukunft an der weinstra\u00dfe<\/td>\n<\/tr>\n<tr>\n<td style=\"width: 132px;\">06.12.2015<\/td>\n<td style=\"width: 452px;\">Weihnachtsmarkt<\/td>\n<\/tr>\n<tr>\n<td style=\"width: 132px;\">25.11.2015<\/td>\n<td style=\"width: 452px;\">Treffen mit SPD Fraktion D\u00dcW<\/td>\n<\/tr>\n<tr>\n<td style=\"width: 132px;\">12.10.2015<\/td>\n<td style=\"width: 452px;\">Treffen des forums zukunft an der weinstra\u00dfe<\/td>\n<\/tr>\n<tr>\n<td style=\"width: 132px;\">17.09.2015<\/td>\n<td style=\"width: 452px;\">Treffen des forums zukunft an der weinstra\u00dfe<\/td>\n<\/tr>\n<tr>\n<td style=\"width: 132px;\">16.09.2015<\/td>\n<td style=\"width: 452px;\">Treffen mit Hr. Glogger<\/td>\n<\/tr>\n<tr>\n<td style=\"width: 132px;\">07.08.2015<\/td>\n<td style=\"width: 452px;\">Ungsteiner Kerwe<\/td>\n<\/tr>\n<tr>\n<td style=\"width: 132px;\">23.07.2015<\/td>\n<td style=\"width: 452px;\">Treffen des forums zukunft an der weinstra\u00dfe<\/td>\n<\/tr>\n<tr>\n<td style=\"width: 132px;\">07.07.2015<\/td>\n<td style=\"width: 452px;\">Treffen mit Dackenheim<\/td>\n<\/tr>\n<tr>\n<td style=\"width: 132px;\">05.07.2015<\/td>\n<td style=\"width: 452px;\">Wagen Forum Zukunft an der Weinstra\u00dfe, Kerweumzug in Leistadt<\/td>\n<\/tr>\n<tr>\n<td style=\"width: 132px;\">28.06.2015<\/td>\n<td style=\"width: 452px;\">R\u00f6merkelterfest \u2013Vereinsdienst<\/td>\n<\/tr>\n<tr>\n<td style=\"width: 132px;\">11.06.2015<\/td>\n<td style=\"width: 452px;\">Treffen des forums zukunft an der weinstra\u00dfe<\/td>\n<\/tr>\n<tr>\n<td style=\"width: 132px;\">28.05.2015<\/td>\n<td style=\"width: 452px;\">Mitgliederversammlung<\/td>\n<\/tr>\n<tr>\n<td style=\"width: 132px;\">26.05.2015<\/td>\n<td style=\"width: 452px;\">Treffen mit Hr. Landrat Illenfeld<\/td>\n<\/tr>\n<tr>\n<td style=\"width: 132px;\">23.04.2015<\/td>\n<td style=\"width: 452px;\">Treffen des forums zukunft an der weinstra\u00dfe<\/td>\n<\/tr>\n<tr>\n<td style=\"width: 132px;\">12.03.2015<\/td>\n<td style=\"width: 452px;\">Treffen des forums zukunft an der weinstra\u00dfe<\/td>\n<\/tr>\n<tr>\n<td style=\"width: 132px;\">06.12.2014<\/td>\n<td style=\"width: 452px;\">Weihnachtsmarkt in Ungstein<\/td>\n<\/tr>\n<tr>\n<td style=\"width: 132px;\">22.11.2014<\/td>\n<td style=\"width: 452px;\">Treffen mit Freinsheimer B\u00fcrger<\/td>\n<\/tr>\n<tr>\n<td style=\"width: 132px;\">20.11.2014<\/td>\n<td style=\"width: 452px;\">Treffen mit Leistadter B\u00fcrger<\/td>\n<\/tr>\n<tr>\n<td style=\"width: 132px;\">25.10.2014<\/td>\n<td style=\"width: 452px;\">Tempomessger\u00e4t Leistadt Bereich Waldstra\u00dfe<\/td>\n<\/tr>\n<tr>\n<td style=\"width: 132px;\">23.10.2014<\/td>\n<td style=\"width: 452px;\">Treffen mit Kirchheim<\/td>\n<\/tr>\n<tr>\n<td style=\"width: 132px;\">16.10.2014<\/td>\n<td style=\"width: 452px;\">Sitzung Vorstand und Ortsbeirat<\/td>\n<\/tr>\n<tr>\n<td style=\"width: 132px;\">15.10.2014<\/td>\n<td style=\"width: 452px;\">Treffen mit Fraktionsvorsitzende Hr. Lang und Hr. St\u00f6lzel<\/td>\n<\/tr>\n<tr>\n<td style=\"width: 132px;\">06.10.2014<\/td>\n<td style=\"width: 452px;\">Verteilen eines Flyers Verkehrskonzept Ungstein<\/td>\n<\/tr>\n<tr>\n<td style=\"width: 132px;\">08.08.2014<\/td>\n<td style=\"width: 452px;\">Weinkerwe Dampfnudelstand<\/td>\n<\/tr>\n<tr>\n<td style=\"width: 132px;\">30.07.2014<\/td>\n<td style=\"width: 452px;\">Treffen mit Ortsbeirat<\/td>\n<\/tr>\n<tr>\n<td style=\"width: 132px;\">27.02.2014<\/td>\n<td style=\"width: 452px;\">Einweihung Tempomessger\u00e4t in der Altenbacherstra\u00dfe<\/td>\n<\/tr>\n<tr>\n<td style=\"width: 132px;\">27.02.2014<\/td>\n<td style=\"width: 452px;\">Ergebnisvorstellung der B\u00fcrgerbefragung im Ungsteiner Haus<\/td>\n<\/tr>\n<tr>\n<td style=\"width: 132px;\">20.02.2014<\/td>\n<td style=\"width: 452px;\">Mitgliederversammlung<\/td>\n<\/tr>\n<tr>\n<td style=\"width: 132px;\">07.01.2014<\/td>\n<td style=\"width: 452px;\">Gespr\u00e4ch mit Ordnungsamt wegen Tempome\u00dfger\u00e4t<\/td>\n<\/tr>\n<tr>\n<td style=\"width: 132px;\">19.12.2013<\/td>\n<td style=\"width: 452px;\">Gespr\u00e4ch mit Ortsbeirat<\/td>\n<\/tr>\n<tr>\n<td style=\"width: 132px;\">07.12.2013<\/td>\n<td style=\"width: 452px;\">Weihnachtsmarkt Ungstein mit Stand von U21<\/td>\n<\/tr>\n<tr>\n<td style=\"width: 132px;\">05.12.2013<\/td>\n<td style=\"width: 452px;\">Gespr\u00e4ch beim LBM Worms mit Vertretern der Bauern -und Winzerschaft<\/td>\n<\/tr>\n<tr>\n<td style=\"width: 132px;\">23.11.2013<\/td>\n<td style=\"width: 452px;\">Begehung Trasse B271Neu in der Gemarkung Kallstadt<\/td>\n<\/tr>\n<tr>\n<td style=\"width: 132px;\">21.11.2013<\/td>\n<td style=\"width: 452px;\">Gespr\u00e4ch mit dem B\u00fcrgerbeauftragten des Landes Rheinland-Pfalz<\/td>\n<\/tr>\n<tr>\n<td style=\"width: 132px;\">19.11.2013<\/td>\n<td style=\"width: 452px;\">B\u00fcrgerinfo durch Stadt Bad D\u00fcrkheim im Ungsteiner Haus<\/td>\n<\/tr>\n<tr>\n<td style=\"width: 132px;\">18.11.2013<\/td>\n<td style=\"width: 452px;\">Treffen mit Hr. Eymael<\/td>\n<\/tr>\n<tr>\n<td style=\"width: 132px;\">26.08.2013<\/td>\n<td style=\"width: 452px;\">Gespr\u00e4ch mit Hr. Petry Bauamt Stadt Bad D\u00fcrkheim<\/td>\n<\/tr>\n<tr>\n<td style=\"width: 132px;\">09.08.2013<\/td>\n<td style=\"width: 452px;\">Dampfnudelstand bei der Weinkerwe<\/td>\n<\/tr>\n<tr>\n<td style=\"width: 132px;\">06.08.2013<\/td>\n<td style=\"width: 452px;\">Gespr\u00e4ch mit Ortsbeirat<\/td>\n<\/tr>\n<tr>\n<td style=\"width: 132px;\">11.07.2013<\/td>\n<td style=\"width: 452px;\">Gespr\u00e4ch mit Gerd Ester, 1. Beigeordneter<\/td>\n<\/tr>\n<tr>\n<td style=\"width: 132px;\">23.06.2013<\/td>\n<td style=\"width: 452px;\">Ausschank beim R\u00f6merkelterfest<\/td>\n<\/tr>\n<tr>\n<td style=\"width: 132px;\">14.06.2013<\/td>\n<td style=\"width: 452px;\">Infoabend im Ungsteiner Haus<\/td>\n<\/tr>\n<tr>\n<td style=\"width: 132px;\">05.06.2013<\/td>\n<td style=\"width: 452px;\">Gespr\u00e4ch mit Peter Spengler, Die Rheinpfalz<\/td>\n<\/tr>\n<tr>\n<td style=\"width: 132px;\">03.06.2013<\/td>\n<td style=\"width: 452px;\">Treffen mit LBM und Bauern- und Winzerschaft<\/td>\n<\/tr>\n<tr>\n<td style=\"width: 132px;\">01.06.2013<\/td>\n<td style=\"width: 452px;\">Gespr\u00e4ch mit Frau Ratter, MdL<\/td>\n<\/tr>\n<tr>\n<td style=\"width: 132px;\">29.05.2013<\/td>\n<td style=\"width: 452px;\">Treffen mit Bauern- und Winzerschaft<\/td>\n<\/tr>\n<tr>\n<td style=\"width: 132px;\">27.05.2013<\/td>\n<td style=\"width: 452px;\">Teilnahme Infoveranstaltung ProOst in Herxheim<\/td>\n<\/tr>\n<tr>\n<td style=\"width: 132px;\">29.04.2013<\/td>\n<td style=\"width: 452px;\">Treffen mit Frau Ratter, MdL und Frau Blazheim-Roegeler, verkehrspolitische Sprecherin Landtagsfraktion<\/td>\n<\/tr>\n<tr>\n<td style=\"width: 132px;\">24.04.2013<\/td>\n<td style=\"width: 452px;\">Gespr\u00e4ch mit den Fraktionsvorsitzenden Stadtrat Bad D\u00fcrkheim<\/td>\n<\/tr>\n<tr>\n<td style=\"width: 132px;\">17.04.2013<\/td>\n<td style=\"width: 452px;\">Gespr\u00e4ch mit B\u00fcrgermeister Quante, Freinsheim<\/td>\n<\/tr>\n<tr>\n<td style=\"width: 132px;\">17.04.2013<\/td>\n<td style=\"width: 452px;\">Rebenpflanzung an der Flakhalle<\/td>\n<\/tr>\n<tr>\n<td style=\"width: 132px;\">04.04.2013<\/td>\n<td style=\"width: 452px;\">Treffen mit Bauern- und Winzerschaft<\/td>\n<\/tr>\n<tr>\n<td style=\"width: 132px;\">30.03.2013<\/td>\n<td style=\"width: 452px;\">Ostereiersuche an der R\u00f6merkelter<\/td>\n<\/tr>\n<tr>\n<td style=\"width: 132px;\">25.03.2013<\/td>\n<td style=\"width: 452px;\">Gespr\u00e4ch mit der SPD Stadtratsfraktion<\/td>\n<\/tr>\n<tr>\n<td style=\"width: 132px;\">16.03.2013<\/td>\n<td style=\"width: 452px;\">Aktion &#8222;Der M\u00fcll muss weg&#8220;<\/td>\n<\/tr>\n<tr>\n<td style=\"width: 132px;\">14.03.2013<\/td>\n<td style=\"width: 452px;\">Mitgliederversammlung<\/td>\n<\/tr>\n<tr>\n<td style=\"width: 132px;\">11.03.2013<\/td>\n<td style=\"width: 452px;\">Einladung zum B\u00fcrgerempfang mit Malu Dreyer und Reinhold Niederh\u00f6fer<\/td>\n<\/tr>\n<tr>\n<td style=\"width: 132px;\">01.02.2013<\/td>\n<td style=\"width: 452px;\">Treffen mit dem Ortsbeirat Ungstein<\/td>\n<\/tr>\n<tr>\n<td style=\"width: 132px;\">31.01.2013<\/td>\n<td style=\"width: 452px;\">Treffen mit dem LBM Speyer<\/td>\n<\/tr>\n<tr>\n<td style=\"width: 132px;\">15.01.2013<\/td>\n<td style=\"width: 452px;\">Gespr\u00e4ch mit Hr. St\u00f6lzel, CDU Fraktionsvorsitzender Bad D\u00fcrkheim<\/td>\n<\/tr>\n<tr>\n<td style=\"width: 132px;\">08.12.2012<\/td>\n<td style=\"width: 452px;\">Weihnachtsmarkt Ungstein mit Stand von U21<\/td>\n<\/tr>\n<tr>\n<td style=\"width: 132px;\">15.11.2012<\/td>\n<td style=\"width: 452px;\">Gespr\u00e4ch mit Hr. Herzog (MdB), Hr. Geis (MdL), Fr. Mrosek-Landwerk, Hr. Lang (SPD Fraktionsvorsitzender Bad D\u00fcrkheim)<\/td>\n<\/tr>\n<tr>\n<td style=\"width: 132px;\">14.11.2012<\/td>\n<td style=\"width: 452px;\">Aktion beim Treffen der CDU Fraktion in Forst<\/td>\n<\/tr>\n<tr>\n<td style=\"width: 132px;\">05.11.2012<\/td>\n<td style=\"width: 452px;\">Gespr\u00e4ch mit Vertretern der Bauern- und Winzerschaft beim LBM Worms<\/td>\n<\/tr>\n<tr>\n<td style=\"width: 132px;\">02.11.2012<\/td>\n<td style=\"width: 452px;\">Treffen mit Vertretern aus Kirchheim<\/td>\n<\/tr>\n<tr>\n<td style=\"width: 132px;\">31.10.2012<\/td>\n<td style=\"width: 452px;\">Demo vor dem Kreistag und Teilnahme an der \u00f6ffentlichen Sitzung zum Thema B271Neu<\/td>\n<\/tr>\n<tr>\n<td style=\"width: 132px;\">11.10.2012<\/td>\n<td style=\"width: 452px;\">Treffen mit dem Ortsbeirat Ungstein<\/td>\n<\/tr>\n<tr>\n<td style=\"width: 132px;\">27.09.2012<\/td>\n<td style=\"width: 452px;\">Gespr\u00e4ch mit Hr. B\u00fcrgermeister Lutz (u.a.) im Rathaus Bad D\u00fcrkheim<\/td>\n<\/tr>\n<tr>\n<td style=\"width: 132px;\">29.08.2012<\/td>\n<td style=\"width: 452px;\">Einladung von Hr. Geis, MdL nach Mainz<\/td>\n<\/tr>\n<tr>\n<td style=\"width: 132px;\">18.08.2012<\/td>\n<td style=\"width: 452px;\">Treffen mit Frau Ruth Ratter, MdL<\/td>\n<\/tr>\n<tr>\n<td style=\"width: 132px;\">10.08.2012<\/td>\n<td style=\"width: 452px;\">Dampfnudelstand bei der Weinkerwe<\/td>\n<\/tr>\n<tr>\n<td style=\"width: 132px;\">13.07.2012<\/td>\n<td style=\"width: 452px;\">Gespr\u00e4ch mit dem Ortsbeirat<\/td>\n<\/tr>\n<tr>\n<td style=\"width: 132px;\">14.06.2012<\/td>\n<td style=\"width: 452px;\">Treffen im Bauamt der Stadt Bad D\u00fcrkheim<\/td>\n<\/tr>\n<tr>\n<td style=\"width: 132px;\">15.05.2012<\/td>\n<td style=\"width: 452px;\">Gepr\u00e4ch mit dem LBM Worms, Vorstellung der aktuellen Planung zur B271neu<\/td>\n<\/tr>\n<tr>\n<td style=\"width: 132px;\">11.05.2012<\/td>\n<td style=\"width: 452px;\">Treffen mit Christian Baldauf, MdL<\/td>\n<\/tr>\n<tr>\n<td style=\"width: 132px;\">07.05.2012<\/td>\n<td style=\"width: 452px;\">Gespr\u00e4ch mit der Bauern- und Winzernschaft, Ungstein<\/td>\n<\/tr>\n<tr>\n<td style=\"width: 132px;\">03.05.2012<\/td>\n<td style=\"width: 452px;\">Infoveranstaltung der Stadt Bad D\u00fcrkheim zum Thema Verkehr im Ungsteiner Haus, Teilnahme U21<\/td>\n<\/tr>\n<tr>\n<td style=\"width: 132px;\">28.04.2012<\/td>\n<td style=\"width: 452px;\">Infoveranstaltung von U21 im Ungsteiner Haus<\/td>\n<\/tr>\n<tr>\n<td style=\"width: 132px;\">07.04.2012<\/td>\n<td style=\"width: 452px;\">Ostereiersuche an der R\u00f6merkelter<\/td>\n<\/tr>\n<tr>\n<td style=\"width: 132px;\">13.03.2012<\/td>\n<td style=\"width: 452px;\">Anschreiben diverser Lokal- und Landespolitiker mit der Bitte um Gespr\u00e4chstermine<\/td>\n<\/tr>\n<tr>\n<td style=\"width: 132px;\">03.03.2012<\/td>\n<td style=\"width: 452px;\">M\u00fcllsammelaktion<\/td>\n<\/tr>\n<tr>\n<td style=\"width: 132px;\">24.02.2012<\/td>\n<td style=\"width: 452px;\">Infoveranstaltung im Ungsteiner Haus<\/td>\n<\/tr>\n<tr>\n<td style=\"width: 132px;\">22.02.2012<\/td>\n<td style=\"width: 452px;\">Pressegespr\u00e4ch mit der Rheinpfalz<\/td>\n<\/tr>\n<tr>\n<td style=\"width: 132px;\">11.02.2012<\/td>\n<td style=\"width: 452px;\">Vorstellung des Vereins beim Ortsbeirat<\/td>\n<\/tr>\n<tr>\n<td style=\"width: 132px;\">12.01.2012<\/td>\n<td style=\"width: 452px;\">Vereinsgr\u00fcndung Ungstein21 e.V.<\/td>\n<\/tr>\n<\/tbody>\n<\/table>\n<p>&nbsp;<\/p>\n","protected":false},"excerpt":{"rendered":"<p>Was in den\u00a0letzten Jahren geschah &#8230; 27.02.2019 Mitgliederversammlung 22.01.2019 Treffen des forums zukunft an der weinstra\u00dfe 01.12.2018 Weihnachtsmarkt Ungstein mit Stand von U21 20.11.2018 Treffen mit LBM Speyer 07.11.2018 Teilnahme an der Er\u00f6ffnung B271Neu Kirchheim 06.11.2018 Informationsveranstaltung Landkreis 10.10.2018 Treffen &hellip; <a href=\"https:\/\/www.ungstein21.de\/?page_id=344\">Weiterlesen <span class=\"meta-nav\">&rarr;<\/span><\/a><\/p>\n","protected":false},"author":4,"featured_media":0,"parent":0,"menu_order":1,"comment_status":"open","ping_status":"closed","template":"showcase.php","meta":{"footnotes":""},"class_list":["post-344","page","type-page","status-publish","hentry"],"_links":{"self":[{"href":"https:\/\/www.ungstein21.de\/index.php?rest_route=\/wp\/v2\/pages\/344","targetHints":{"allow":["GET"]}}],"collection":[{"href":"https:\/\/www.ungstein21.de\/index.php?rest_route=\/wp\/v2\/pages"}],"about":[{"href":"https:\/\/www.ungstein21.de\/index.php?rest_route=\/wp\/v2\/types\/page"}],"author":[{"embeddable":true,"href":"https:\/\/www.ungstein21.de\/index.php?rest_route=\/wp\/v2\/users\/4"}],"replies":[{"embeddable":true,"href":"https:\/\/www.ungstein21.de\/index.php?rest_route=%2Fwp%2Fv2%2Fcomments&post=344"}],"version-history":[{"count":17,"href":"https:\/\/www.ungstein21.de\/index.php?rest_route=\/wp\/v2\/pages\/344\/revisions"}],"predecessor-version":[{"id":756,"href":"https:\/\/www.ungstein21.de\/index.php?rest_route=\/wp\/v2\/pages\/344\/revisions\/756"}],"wp:attachment":[{"href":"https:\/\/www.ungstein21.de\/index.php?rest_route=%2Fwp%2Fv2%2Fmedia&parent=344"}],"curies":[{"name":"wp","href":"https:\/\/api.w.org\/{rel}","templated":true}]}}