{"id":24,"date":"2012-01-13T08:01:48","date_gmt":"2012-01-13T07:01:48","guid":{"rendered":"https:\/\/www.ungstein21.de\/?page_id=24"},"modified":"2018-05-24T20:49:29","modified_gmt":"2018-05-24T19:49:29","slug":"uber-uns","status":"publish","type":"page","link":"https:\/\/www.ungstein21.de\/?page_id=24","title":{"rendered":"\u00dcber uns"},"content":{"rendered":"<p style=\"text-align: justify;\">Die Idee zu unserem Namen ist entstanden unter dem Eindruck der Dynamik der <a href=\"https:\/\/www.ungstein21.de\/wp-content\/uploads\/2012\/01\/Logo-u21.png\"><img loading=\"lazy\" decoding=\"async\" class=\" wp-image-101 alignleft\" title=\"Logo u21\" src=\"https:\/\/www.ungstein21.de\/wp-content\/uploads\/2012\/01\/Logo-u21-300x83.png\" alt=\"\" width=\"300\" height=\"83\" srcset=\"https:\/\/www.ungstein21.de\/wp-content\/uploads\/2012\/01\/Logo-u21-300x83.png 300w, https:\/\/www.ungstein21.de\/wp-content\/uploads\/2012\/01\/Logo-u21-1024x285.png 1024w, https:\/\/www.ungstein21.de\/wp-content\/uploads\/2012\/01\/Logo-u21-500x139.png 500w, https:\/\/www.ungstein21.de\/wp-content\/uploads\/2012\/01\/Logo-u21.png 1417w\" sizes=\"auto, (max-width: 300px) 100vw, 300px\" \/><\/a>B\u00fcrgerbeteiligung beim Projekt Stuttgart21. Diese steht f\u00fcr uns als Motivation eine st\u00e4rkere Einbeziehung der B\u00fcrger auf der kommunalen Entscheidungsebene zu fordern.<\/p>\n<p><strong>Unser Leitbild<\/strong><\/p>\n<p><em>B\u00fcrger gestalten Ungstein<\/em><\/p>\n<p>Aus der Mitte der B\u00fcrgerschaft entsteht ein Forum zur nachhaltigen Gestaltung von Ungstein. Unsere Vision ist die Einbindung m\u00f6glichst vieler B\u00fcrger.<\/p>\n<p><em>Entlasten statt Verteilen<\/em><\/p>\n<p>Die L\u00f6sung des Verkehrsproblems bildet die Grundlage f\u00fcr jede Weiterentwicklung Ungsteins. \u00a0Der elementarste Aspekt ist die Realisierung der B271 neu als Verbindung zwischen Gr\u00fcnstadt und Bad D\u00fcrkheim.<\/p>\n<p><em>Nachhaltigkeit statt Aktionismus<\/em><\/p>\n<p>Nur nachhaltige, von m\u00f6glichst vielen B\u00fcrgern getragene Planungen schaffen die Grundlage f\u00fcr die St\u00e4rkung des sozialen Zusammenhaltes, f\u00fcr mehr Lebensqualit\u00e4t und die Tourismusentwicklung.<\/p>\n<p><em>F\u00fcr ein gemeinsames Ungstein<\/em><\/p>\n<p>Statt Polarisierung wollen wir gemeinsam entwickelte und von einer Mehrheit getragene Vorschl\u00e4ge f\u00fcr die Weiterentwicklung Ungsteins einbringen.<\/p>\n<p><strong>Zur Unterst\u00fctzung brauchen wir SIE. Werden Sie Mitglied &#8230;<\/strong><br \/>\nZum Download <a title=\"Mitgliedsantrag runterladen\" href=\"https:\/\/www.ungstein21.de\/wp-content\/uploads\/2012\/01\/Mitgliedsantrag.pdf\">Mitgliedsantrag<br \/>\n<\/a>Noch Fragen? E-mail senden an: <a href=\"mailto:mitglied.werden@ungstein21.de\">mitglied.werden@ungstein21.de<\/a><\/p>\n","protected":false},"excerpt":{"rendered":"<p>Die Idee zu unserem Namen ist entstanden unter dem Eindruck der Dynamik der B\u00fcrgerbeteiligung beim Projekt Stuttgart21. Diese steht f\u00fcr uns als Motivation eine st\u00e4rkere Einbeziehung der B\u00fcrger auf der kommunalen Entscheidungsebene zu fordern. Unser Leitbild B\u00fcrger gestalten Ungstein Aus &hellip; <a href=\"https:\/\/www.ungstein21.de\/?page_id=24\">Weiterlesen <span class=\"meta-nav\">&rarr;<\/span><\/a><\/p>\n","protected":false},"author":4,"featured_media":0,"parent":0,"menu_order":0,"comment_status":"closed","ping_status":"closed","template":"","meta":{"footnotes":""},"class_list":["post-24","page","type-page","status-publish","hentry"],"_links":{"self":[{"href":"https:\/\/www.ungstein21.de\/index.php?rest_route=\/wp\/v2\/pages\/24","targetHints":{"allow":["GET"]}}],"collection":[{"href":"https:\/\/www.ungstein21.de\/index.php?rest_route=\/wp\/v2\/pages"}],"about":[{"href":"https:\/\/www.ungstein21.de\/index.php?rest_route=\/wp\/v2\/types\/page"}],"author":[{"embeddable":true,"href":"https:\/\/www.ungstein21.de\/index.php?rest_route=\/wp\/v2\/users\/4"}],"replies":[{"embeddable":true,"href":"https:\/\/www.ungstein21.de\/index.php?rest_route=%2Fwp%2Fv2%2Fcomments&post=24"}],"version-history":[{"count":16,"href":"https:\/\/www.ungstein21.de\/index.php?rest_route=\/wp\/v2\/pages\/24\/revisions"}],"predecessor-version":[{"id":97,"href":"https:\/\/www.ungstein21.de\/index.php?rest_route=\/wp\/v2\/pages\/24\/revisions\/97"}],"wp:attachment":[{"href":"https:\/\/www.ungstein21.de\/index.php?rest_route=%2Fwp%2Fv2%2Fmedia&parent=24"}],"curies":[{"name":"wp","href":"https:\/\/api.w.org\/{rel}","templated":true}]}}