{"id":119,"date":"2012-01-08T17:22:18","date_gmt":"2012-01-08T16:22:18","guid":{"rendered":"https:\/\/www.ungstein21.de\/?page_id=119"},"modified":"2012-01-31T22:24:38","modified_gmt":"2012-01-31T21:24:38","slug":"ortspatenschaften","status":"publish","type":"page","link":"https:\/\/www.ungstein21.de\/?page_id=119","title":{"rendered":"Ortspatenschaften"},"content":{"rendered":"<p><strong>Pate:<\/strong> Karlheinz Altherr (<a href=\"mailto:karlheinz.altherr@ungstein21.de\">karlheinz.altherr@ungstein21.de<\/a>)<\/p>\n<p><strong>Unsere Idee:<\/strong><br \/>\nDer Verein Ungstein 21 e.V.\u00a0setzt sich f\u00fcr die Vergabe von Ortspatenschaften ein. Zum Beispiel sollen im ganzen Ort Weinreben gepflanzt werden, f\u00fcr die Pflegepatenschaften \u00fcbernommen werden.<\/p>\n<p><strong>Aktivit\u00e4ten:<\/strong><br \/>\nDie erste Aktion\u00a0bestand im Schnitt der beiden Weinreben am Ortseingang Altenbacher Strasse.<br \/>\n<a href=\"https:\/\/www.ungstein21.de\/wp-content\/uploads\/2012\/01\/Rebenschnitt.jpg\"><img loading=\"lazy\" decoding=\"async\" class=\"alignnone size-medium wp-image-218\" title=\"Rebenschnitt\" src=\"https:\/\/www.ungstein21.de\/wp-content\/uploads\/2012\/01\/Rebenschnitt-198x300.jpg\" alt=\"Ortseingang\" width=\"198\" height=\"300\" srcset=\"https:\/\/www.ungstein21.de\/wp-content\/uploads\/2012\/01\/Rebenschnitt-198x300.jpg 198w, https:\/\/www.ungstein21.de\/wp-content\/uploads\/2012\/01\/Rebenschnitt-678x1024.jpg 678w, https:\/\/www.ungstein21.de\/wp-content\/uploads\/2012\/01\/Rebenschnitt.jpg 1518w\" sizes=\"auto, (max-width: 198px) 100vw, 198px\" \/><\/a><\/p>\n","protected":false},"excerpt":{"rendered":"<p>Pate: Karlheinz Altherr (karlheinz.altherr@ungstein21.de) Unsere Idee: Der Verein Ungstein 21 e.V.\u00a0setzt sich f\u00fcr die Vergabe von Ortspatenschaften ein. Zum Beispiel sollen im ganzen Ort Weinreben gepflanzt werden, f\u00fcr die Pflegepatenschaften \u00fcbernommen werden. Aktivit\u00e4ten: Die erste Aktion\u00a0bestand im Schnitt der beiden &hellip; <a href=\"https:\/\/www.ungstein21.de\/?page_id=119\">Weiterlesen <span class=\"meta-nav\">&rarr;<\/span><\/a><\/p>\n","protected":false},"author":4,"featured_media":0,"parent":49,"menu_order":1,"comment_status":"open","ping_status":"closed","template":"","meta":{"footnotes":""},"class_list":["post-119","page","type-page","status-publish","hentry"],"_links":{"self":[{"href":"https:\/\/www.ungstein21.de\/index.php?rest_route=\/wp\/v2\/pages\/119","targetHints":{"allow":["GET"]}}],"collection":[{"href":"https:\/\/www.ungstein21.de\/index.php?rest_route=\/wp\/v2\/pages"}],"about":[{"href":"https:\/\/www.ungstein21.de\/index.php?rest_route=\/wp\/v2\/types\/page"}],"author":[{"embeddable":true,"href":"https:\/\/www.ungstein21.de\/index.php?rest_route=\/wp\/v2\/users\/4"}],"replies":[{"embeddable":true,"href":"https:\/\/www.ungstein21.de\/index.php?rest_route=%2Fwp%2Fv2%2Fcomments&post=119"}],"version-history":[{"count":12,"href":"https:\/\/www.ungstein21.de\/index.php?rest_route=\/wp\/v2\/pages\/119\/revisions"}],"predecessor-version":[{"id":221,"href":"https:\/\/www.ungstein21.de\/index.php?rest_route=\/wp\/v2\/pages\/119\/revisions\/221"}],"up":[{"embeddable":true,"href":"https:\/\/www.ungstein21.de\/index.php?rest_route=\/wp\/v2\/pages\/49"}],"wp:attachment":[{"href":"https:\/\/www.ungstein21.de\/index.php?rest_route=%2Fwp%2Fv2%2Fmedia&parent=119"}],"curies":[{"name":"wp","href":"https:\/\/api.w.org\/{rel}","templated":true}]}}